0/15 - v/(-3).
3, 43
Let c be (-10)/((-120)/4) - 5765/(-3). Suppose -4*u + c = 2*g - 2362, 3*g = -u + 1061. What are the prime factors of u?
29, 37
Let j be 16 - 11 - (3 + 127). Let p = 838 + j. What are the prime factors of p?
23, 31
Suppose -69*c - 4*k = -71*c + 2180, 2198 = 2*c - k. List the prime factors of c.
2, 19, 29
Let i = 84 + -23. Let o = i - 60. What are the prime factors of (o*-1 - 0)*(-135 + -22)?
157
Suppose 2*f - 301 = 1367. Suppose -7*l = -2379 - f. What are the prime factors of l?
3, 17
Let k(p) = -35*p - 47. Let s be k(12). Let f = -117 - s. What are the prime factors of f?
2, 5, 7
Let q(u) = -u - 19. Let a be q(-14). List the prime factors of ((-1304)/14)/(a - (-99)/21).
2, 163
Let v(h) be the first derivative of -h**4/4 - 13*h**3/3 - 6*h**2 - 10*h + 36. Let w be v(-12). List the prime factors of 12/30 + (-926)/w.
3, 31
Let g be 18/4*62/93. Suppose 2603 = g*n + 16*n. List the prime factors of n.
137
Suppose -h - 1182 = -3154. Let x = h - 1357. What are the prime factors of x?
3, 5, 41
Let p = -1685 + 6961. What are the prime factors of p?
2, 1319
Let b = 471 + -304. Suppose -12492 = -b*w + 158*w. What are the prime factors of w?
2, 347
Let u = 3449 + -81. What are the prime factors of u?
2, 421
Let v be (-7 + -1)*-3*3/(-2). Let p be (-100)/v - 6/(-27). Suppose 0 = -4*d - p*j - j + 424, -1 = j. List the prime factors of d.
107
Let z = -343 - -352. Let p be 38/8 + 1/4. Suppose -k + z = p*w - 301, -3*w = 3*k - 174. List the prime factors of w.
3, 7
Let n(w) = -w**3 + 12*w**2 - 9*w - 7. Let v be n(6). Suppose -v*r = -163*r + 1016. List the prime factors of r.
127
Suppose -11*m + 2092873 = 102*m. What are the prime factors of m?
18521
Let v be (-15)/(8/((-192)/(-9))). Let i = -90 - v. What are the prime factors of ((-6)/10 + 120/i)*-19?
3, 19
Let r be (4/(-10))/((-1)/10). Let m be 2*(-1)/(-4)*r. Suppose -5*n = a - 63, -a + 23 = -5*n + m*n. List the prime factors of a.
2, 19
Let u be 47 + (5 - 3) - 0. Suppose -50*i + u*i + 2 = 0. Suppose -i = -4*g + 74. What are the prime factors of g?
19
List the prime factors of (-2)/(-9) + 14455000/4248.
41, 83
Let k be -2*(0 + 332/8). Let d = 214 + k. Suppose -5*a + 427 - d = -3*r, -5*a = 5*r - 280. List the prime factors of a.
2, 29
Suppose -r + 17178 = 3*j + 2538, -9*j + 43917 = 2*r. List the prime factors of j.
7, 17, 41
Suppose 34 = 5*t + 2*m, 4*m - 5*m - 43 = -5*t. What are the prime factors of 1443 + -9 - (-5)/(20/t)?
2, 359
Let r be -3 + 4 + -107 + 1. Let f = r - -310. What are the prime factors of f?
5, 41
Suppose 5*i = 17*t - 22*t + 318925, -127535 = -2*i + 3*t. List the prime factors of i.
2, 11, 13, 223
Let l(m) = 23*m - 3 + 3 + 18*m - 37*m - 7. Suppose -20 = -5*w - 0*w. List the prime factors of l(w).
3
Let n = -21479 + 79244. What are the prime factors of n?
3, 5, 3851
Let x(g) = 2*g**2 - g - 3. Suppose -21 = 3*d - 3. Let h be x(d). Suppose k = 60 + h. List the prime factors of k.
3, 5
Let c be (-20)/((-24)/10 - (-7 + 5)). Suppose 0 = -4*o, 2*o + 59 = 4*z + 3. Let l = c - z. List the prime factors of l.
2, 3
Let r be (-6)/(-21) + (-1544)/14. Let q = 110 + r. Suppose 5*n - 680 - 775 = q. List the prime factors of n.
3, 97
Let o(r) = 320*r - 4. Let g be o(7). Let s = g + -1557. Suppose -13*v + 192 + s = 0. What are the prime factors of v?
67
Suppose 16 = 4*z - 2*z. Let t be (-1464)/(-144)*(6 + 0) + -3. Suppose 2*g + z*a = 3*a + t, 3*g - 97 = -5*a. List the prime factors of g.
3, 13
Let q(x) = -7*x**3 - 2*x**2 - 27*x - 226. What are the prime factors of q(-15)?
2, 11677
Let b = 85804 + -28588. What are the prime factors of b?
2, 3, 149
Let h(u) = -26*u - 144. Let z be h(-6). Suppose -i - 2*a + 283 = 0, -561 = -z*i + 10*i + a. What are the prime factors of i?
281
Let p be -1*(-3)/(-1) + -4 + 9. Suppose -p*k - s - 246 = -k, 0 = 5*k + 3*s + 1220. Let v = -142 - k. What are the prime factors of v?
3, 11
Suppose 2*c - 2036 = -2*n, 4*c - 26*n - 4060 = -28*n. What are the prime factors of c?
2, 11, 23
Let a(z) = 253*z**2 - 463*z + 15. List the prime factors of a(-5).
3, 5, 577
Suppose -77 + 101 = -2*v. Let p(l) = 4*l**2 - 41*l. What are the prime factors of p(v)?
2, 3, 89
Let h = -232 - -234. Suppose 6 = h*f, 0 = 2*g - 3*f - f - 352. What are the prime factors of g?
2, 7, 13
Let d(j) = 5 + 44*j - 2*j + 69*j + 0. List the prime factors of d(3).
2, 13
Let z(n) = 195*n**2 + 15*n + 152. List the prime factors of z(-7).
2, 4801
Let d(b) = -b**2 - 7*b - 2. Let p be d(-3). Let c(f) = -2*f + 22. Let k be c(p). Suppose 3*i - 133 = r, 3*i - 37 = k*i + 4*r. What are the prime factors of i?
3, 5
Let c be 918/117 - 3 - (-2)/13. Suppose 4*i - 4 = 0, 48 = 4*g - c*i - 1183. List the prime factors of g.
3, 103
Let k = 6 - 2. Suppose -5*z + x = -6682, 16*z + k*x + 6688 = 21*z. List the prime factors of z.
2, 167
Let u be 6*(3 + 16/(-6)). Suppose -u*t + 759 - 247 = 0. Suppose -t = -4*w - 16. What are the prime factors of w?
2, 3, 5
Let d be (1 - 2)*1 - -4. Suppose -f = -3*t - 18, t = d*f - t - 26. List the prime factors of (-2)/(-3) + 254/f.
43
Let z(t) = 8*t**2 + 12*t - 10. Suppose -c + 2 = 4*v, -3*c + 12*v - 9*v = -21. What are the prime factors of z(c)?
2, 5, 7
Let g(x) = -463*x - 517. Let k(j) = 154*j + 173. Let b(r) = 6*g(r) + 17*k(r). List the prime factors of b(-7).
7, 137
Suppose 22 - 64 = 6*t. Let f(p) be the third derivative of p**6/120 + 3*p**5/20 + p**4/24 - 3*p**3/2 - 3*p**2. List the prime factors of f(t).
2, 41
Let b be (12/2)/(5/15). Let x = b - 6. List the prime factors of ((-40)/x)/(2/(-36)).
2, 3, 5
Let d(m) = -3*m - 79. Let k be d(-28). Suppose 4*c - k*t = 225, 12*t = -c + 13*t + 55. List the prime factors of c.
2, 5
Let b(t) = -t - 61. Let f be b(-33). Let v(g) = -13*g - 84. List the prime factors of v(f).
2, 5, 7
Let k(g) = -283*g - 3530. List the prime factors of k(-28).
2, 13
Let b = -6141 + 34892. What are the prime factors of b?
28751
Let q(b) = 3*b**2 + 17*b - 15. Let a be q(1). Suppose -10495 = -5*u - a*c, -6518 = -5*u - 3*c + 3975. List the prime factors of u.
2, 1049
Let n(q) = -3*q**3 + 34*q**2 + 17*q + 25. What are the prime factors of n(-6)?
5, 359
Let x = 17 + -19. Let t(k) = 7*k**2. Let i be t(x). Let m = i - 9. List the prime factors of m.
19
Let d(w) = 4*w**2 + 7*w + 12. Let r be d(-6). Suppose -189 = 3*b + r. Let m = -29 - b. List the prime factors of m.
2, 3
Suppose -5*g = 5*g + 9220. Let w = -442 - g. What are the prime factors of w?
2, 3, 5
Suppose 0 = -3*d + 12, 53*l - 51*l = -2*d + 122736. What are the prime factors of l?
2, 23, 29
Suppose -a = 3*d - 7112, 11*d - 3*a = 10*d + 2364. Suppose d - 322 = 8*l. List the prime factors of l.
2
Let d be 19/2 + (-5)/(-10). Let j(o) = 19*o + 14*o + 3*o**2 - 42*o + 10*o - 48. List the prime factors of j(d).
2, 131
Suppose -28 + 258 = 10*s. Suppose s*a - 4136 = a. What are the prime factors of a?
2, 47
Let i = -125 + 134. List the prime factors of i*(-6)/18 - -167.
2, 41
Let d = -5327 + 12783. List the prime factors of d.
2, 233
Suppose -1232 = -42*l + 38*l. Suppose 5*a + l = 2*r, -695 = -3*r - 5*a - 233. What are the prime factors of r?
2, 7, 11
Suppose -2*m + 5 = -15. Suppose 6 = -k + m. Suppose 3*q + k*d = 107, -d + 2*d = -2*q + 78. List the prime factors of q.
41
Suppose -51524 = -3*u + 5734. What are the prime factors of u?
2, 3, 3181
Let l be (-2 - (-492)/(-18))*330/(-8). Let z be (-5)/(l/(-302) + 4). Suppose 4*x - 510 = -2*k, 4*k = k - x + z. List the prime factors of k.
251
Let f be 4/(2 - 1) + 0. Let z(p) = 2*p - 8. Let b(d) = 5*d - 44. Let i(g) = -b(g) + 3*z(g). What are the prime factors of i(f)?
2, 3
Suppose -229*u + 171143 + 1517045 = 0. List the prime factors of u.
2, 19, 97
Suppose 4*u - 4*h + 4 = 0, 0 = -2*u - 6*h + 2*h + 16. Suppose -1 = j - 3*g, 3 = -u*j - 5*g - 10. Let t(m) = 6*m**2 + 3*m + 24. List the prime factors of t(j).
2, 3
Let v(g) be the third derivative of 25*g**4/12 - 28*g**3/3 + 160*g**2. List the prime factors of v(18).
2, 211
Suppose 2*q = -0*q + 48. Let t = q - 19. Suppose -2*y + y + 7 = u, 17 = 2*y + t*u. What are the prime factors of y?
2, 3
Let c = 272 + -268. Suppose -3515 = -2*u - z, -c*u + 7009 = -8*z + 3*z. List the prime factors of u.
2, 439
Suppose -1470 - 19341 = -x + 4*r, -2 = -2*r. List the prime factors of x.
5, 23, 181
Let r(u) = -u**2 - 18*u + 13. Let z be r(-18). Suppose z*x 